{"id":8415,"date":"2025-05-29T14:33:34","date_gmt":"2025-05-29T14:33:34","guid":{"rendered":"https:\/\/leboss.com.br\/novo\/?post_type=product&#038;p=8415"},"modified":"2025-08-19T20:41:17","modified_gmt":"2025-08-19T20:41:17","slug":"cesta-carinhosa","status":"publish","type":"product","link":"https:\/\/leboss.com.br\/novo\/product\/cesta-carinhosa\/","title":{"rendered":"CESTA CARINHOSA"},"content":{"rendered":"","protected":false},"excerpt":{"rendered":"<table width=\"576\" cellspacing=\"0\" cellpadding=\"7\">\n<tbody>\n<tr valign=\"top\">\n<td width=\"30\">\n<p align=\"left\"><span style=\"font-family: Calibri, serif\"><span style=\"font-size: small\">ITEM<\/span><\/span><\/p>\n<\/td>\n<td width=\"411\">\n<p align=\"left\"><span style=\"font-family: Calibri, serif\"><span style=\"font-size: small\">DESCRI\u00c7\u00c3O<\/span><\/span><\/p>\n<\/td>\n<td width=\"91\">\n<p align=\"left\"><span style=\"font-family: Calibri, serif\"><span style=\"font-size: small\">ORIGEM<\/span><\/span><\/p>\n<\/td>\n<\/tr>\n<tr valign=\"top\">\n<td bgcolor=\"#595959\" width=\"30\"><\/td>\n<td bgcolor=\"#595959\" width=\"411\"><\/td>\n<td bgcolor=\"#595959\" width=\"91\"><\/td>\n<\/tr>\n<tr valign=\"top\">\n<td width=\"30\">\n<p align=\"left\"><span style=\"font-family: Calibri, serif\"><span style=\"font-size: small\">001<\/span><\/span><\/p>\n<\/td>\n<td width=\"411\">\n<p align=\"left\"><span style=\"font-family: Calibri, serif\"><span style=\"font-size: small\">Cesta de Vime trabalhado Cabe\u00e7\u00e3o<\/span><\/span><\/p>\n<\/td>\n<td width=\"91\">\n<p align=\"left\"><span style=\"font-family: Calibri, serif\"><span style=\"font-size: small\">Brasil<\/span><\/span><\/p>\n<\/td>\n<\/tr>\n<tr valign=\"top\">\n<td width=\"30\">\n<p align=\"left\"><span style=\"font-family: Calibri, serif\"><span style=\"font-size: small\">002<\/span><\/span><\/p>\n<\/td>\n<td width=\"411\">\n<p align=\"left\"><span style=\"font-family: Calibri, serif\"><span style=\"font-size: small\">Lata Biscoitos Amantegados Butter Cookies Dancake 454g<\/span><\/span><\/p>\n<\/td>\n<td width=\"91\">\n<p align=\"left\"><span style=\"font-family: Calibri, serif\"><span style=\"font-size: small\">Portugal<\/span><\/span><\/p>\n<\/td>\n<\/tr>\n<tr valign=\"top\">\n<td width=\"30\">\n<p align=\"left\"><span style=\"font-family: Calibri, serif\"><span style=\"font-size: small\">003<\/span><\/span><\/p>\n<\/td>\n<td width=\"411\">\n<p align=\"left\"><span style=\"font-family: Calibri, serif\"><span style=\"font-size: small\">Grissini Natural Florio 120g<\/span><\/span><\/p>\n<\/td>\n<td width=\"91\">\n<p align=\"left\"><span style=\"font-family: Calibri, serif\"><span style=\"font-size: small\">Brasil<\/span><\/span><\/p>\n<\/td>\n<\/tr>\n<tr valign=\"top\">\n<td width=\"30\">\n<p align=\"left\"><span style=\"font-family: Calibri, serif\"><span style=\"font-size: small\">004<\/span><\/span><\/p>\n<\/td>\n<td width=\"411\">\n<p align=\"left\"><span style=\"font-family: Calibri, serif\"><span style=\"font-size: small\">Biscoitos Amantegados Gratid\u00e3o Arte Cacau 120g<\/span><\/span><\/p>\n<\/td>\n<td width=\"91\">\n<p align=\"left\"><span style=\"font-family: Calibri, serif\"><span style=\"font-size: small\">Brasil<\/span><\/span><\/p>\n<\/td>\n<\/tr>\n<tr valign=\"top\">\n<td width=\"30\">\n<p align=\"left\"><span style=\"font-family: Calibri, serif\"><span style=\"font-size: small\">005<\/span><\/span><\/p>\n<\/td>\n<td width=\"411\">\n<p align=\"left\"><span style=\"font-family: Calibri, serif\"><span style=\"font-size: small\">N\u00e9ctar de Framboesa Canadense Blaszkowisky 200ml<\/span><\/span><\/p>\n<\/td>\n<td width=\"91\">\n<p align=\"left\"><span style=\"font-family: Calibri, serif\"><span style=\"font-size: small\">Brasil<\/span><\/span><\/p>\n<\/td>\n<\/tr>\n<tr valign=\"top\">\n<td width=\"30\">\n<p align=\"left\"><span style=\"font-family: Calibri, serif\"><span style=\"font-size: small\">006<\/span><\/span><\/p>\n<\/td>\n<td width=\"411\">\n<p align=\"left\"><span style=\"font-family: Calibri, serif\"><span style=\"font-size: small\">Doce de Leite de Ovelha Bianchi 260g<\/span><\/span><\/p>\n<\/td>\n<td width=\"91\">\n<p align=\"left\"><span style=\"font-family: Calibri, serif\"><span style=\"font-size: small\">Brasil<\/span><\/span><\/p>\n<\/td>\n<\/tr>\n<tr valign=\"top\">\n<td width=\"30\">\n<p align=\"left\"><span style=\"font-family: Calibri, serif\"><span style=\"font-size: small\">007<\/span><\/span><\/p>\n<\/td>\n<td width=\"411\">\n<p align=\"left\"><span style=\"font-family: Calibri, serif\"><span style=\"font-size: small\">Creme de Queijo Brie Pomerode 100g<\/span><\/span><\/p>\n<\/td>\n<td width=\"91\">\n<p align=\"left\"><span style=\"font-family: Calibri, serif\"><span style=\"font-size: small\">Brasil<\/span><\/span><\/p>\n<\/td>\n<\/tr>\n<tr valign=\"top\">\n<td width=\"30\">\n<p align=\"left\"><span style=\"font-family: Calibri, serif\"><span style=\"font-size: small\">008<\/span><\/span><\/p>\n<\/td>\n<td width=\"411\">\n<p align=\"left\"><span style=\"font-family: Calibri, serif\"><span style=\"font-size: small\">Torradas Super finas para queijo Vermont 44g<\/span><\/span><\/p>\n<\/td>\n<td width=\"91\">\n<p align=\"left\"><span style=\"font-family: Calibri, serif\"><span style=\"font-size: small\">Brasil<\/span><\/span><\/p>\n<\/td>\n<\/tr>\n<tr valign=\"top\">\n<td width=\"30\">\n<p align=\"left\"><span style=\"font-family: Calibri, serif\"><span style=\"font-size: small\">009<\/span><\/span><\/p>\n<\/td>\n<td width=\"411\">\n<p align=\"left\"><span style=\"font-family: Calibri, serif\"><span style=\"font-size: small\">Ch\u00e1 de Rosa, Hibisco e Cereja Ahmad 20g<\/span><\/span><\/p>\n<\/td>\n<td width=\"91\">\n<p align=\"left\"><span style=\"font-family: Calibri, serif\"><span style=\"font-size: small\">Inglaterra<\/span><\/span><\/p>\n<\/td>\n<\/tr>\n<tr valign=\"top\">\n<td width=\"30\">\n<p align=\"left\"><span style=\"font-family: Calibri, serif\"><span style=\"font-size: small\">010<\/span><\/span><\/p>\n<\/td>\n<td width=\"411\">\n<p align=\"left\"><span style=\"font-family: Calibri, serif\"><span style=\"font-size: small\">Cora\u00e7\u00e3o de P\u00e3o de Mel com Recheio de Damasco Weiss 150g<\/span><\/span><\/p>\n<\/td>\n<td width=\"91\">\n<p align=\"left\"><span style=\"font-family: Calibri, serif\"><span style=\"font-size: small\">Alemanha<\/span><\/span><\/p>\n<\/td>\n<\/tr>\n<tr valign=\"top\">\n<td width=\"30\">\n<p align=\"left\"><span style=\"font-family: Calibri, serif\"><span style=\"font-size: small\">011<\/span><\/span><\/p>\n<\/td>\n<td width=\"411\">\n<p align=\"left\"><span style=\"font-family: Calibri, serif\"><span style=\"font-size: small\">Bolacha Eu te amo Fluss Haus 45g<\/span><\/span><\/p>\n<\/td>\n<td width=\"91\">\n<p align=\"left\"><span style=\"font-family: Calibri, serif\"><span style=\"font-size: small\">Brasil<\/span><\/span><\/p>\n<\/td>\n<\/tr>\n<tr valign=\"top\">\n<td width=\"30\">\n<p align=\"left\"><span style=\"font-family: Calibri, serif\"><span style=\"font-size: small\">012<\/span><\/span><\/p>\n<\/td>\n<td width=\"411\">\n<p align=\"left\"><span style=\"font-family: Calibri, serif\"><span style=\"font-size: small\">Pirulito de Chocolate Amor arte Cacau 30g<\/span><\/span><\/p>\n<\/td>\n<td width=\"91\">\n<p align=\"left\"><span style=\"font-family: Calibri, serif\"><span style=\"font-size: small\">Brasil<\/span><\/span><\/p>\n<\/td>\n<\/tr>\n<tr valign=\"top\">\n<td width=\"30\"><\/td>\n<td width=\"411\"><\/td>\n<td width=\"91\"><\/td>\n<\/tr>\n<\/tbody>\n<\/table>\n","protected":false},"featured_media":8416,"comment_status":"open","ping_status":"closed","template":"","meta":[],"product_brand":[],"product_cat":[163,240,225],"product_tag":[],"class_list":{"0":"post-8415","1":"product","2":"type-product","3":"status-publish","4":"has-post-thumbnail","6":"product_cat-destaques","7":"product_cat-cestas-de-presentes-e-cafe-da-manha","8":"product_cat-especial-dia-dos-pais","10":"first","11":"outofstock","12":"shipping-taxable","13":"purchasable","14":"product-type-simple"},"_links":{"self":[{"href":"https:\/\/leboss.com.br\/novo\/wp-json\/wp\/v2\/product\/8415","targetHints":{"allow":["GET"]}}],"collection":[{"href":"https:\/\/leboss.com.br\/novo\/wp-json\/wp\/v2\/product"}],"about":[{"href":"https:\/\/leboss.com.br\/novo\/wp-json\/wp\/v2\/types\/product"}],"replies":[{"embeddable":true,"href":"https:\/\/leboss.com.br\/novo\/wp-json\/wp\/v2\/comments?post=8415"}],"wp:featuredmedia":[{"embeddable":true,"href":"https:\/\/leboss.com.br\/novo\/wp-json\/wp\/v2\/media\/8416"}],"wp:attachment":[{"href":"https:\/\/leboss.com.br\/novo\/wp-json\/wp\/v2\/media?parent=8415"}],"wp:term":[{"taxonomy":"product_brand","embeddable":true,"href":"https:\/\/leboss.com.br\/novo\/wp-json\/wp\/v2\/product_brand?post=8415"},{"taxonomy":"product_cat","embeddable":true,"href":"https:\/\/leboss.com.br\/novo\/wp-json\/wp\/v2\/product_cat?post=8415"},{"taxonomy":"product_tag","embeddable":true,"href":"https:\/\/leboss.com.br\/novo\/wp-json\/wp\/v2\/product_tag?post=8415"}],"curies":[{"name":"wp","href":"https:\/\/api.w.org\/{rel}","templated":true}]}}